{"id":23,"date":"2020-05-22T18:00:00","date_gmt":"2020-05-22T18:00:00","guid":{"rendered":"http:\/\/www.pohjanpirtti.fi\/?page_id=23"},"modified":"2024-12-13T13:41:54","modified_gmt":"2024-12-13T11:41:54","slug":"esittely","status":"publish","type":"page","link":"http:\/\/www.pohjanpirtti.fi\/?page_id=23","title":{"rendered":"Esittely"},"content":{"rendered":"\n<p>Pohjanpirtti seurojentalo sijaitsee Karkkilan keskustassa, torin ja kirkon vierell\u00e4. Pohjanpirtti on kaikkien Karkkilan kaupunkilaisten ja l\u00e4hialueen asukkaiden oma juhla- ja tapahtumapaikka. Tervetuloa Pohjanpirtille viett\u00e4m\u00e4\u00e4n isoja tai pieni\u00e4 perhejuhlia tai j\u00e4rjest\u00e4m\u00e4\u00e4n tapahtumia. <\/p>\n\n\n\n<figure class=\"wp-block-image size-large\"><img loading=\"lazy\" decoding=\"async\" width=\"1024\" height=\"499\" src=\"http:\/\/www.pohjanpirtti.fi\/wp-content\/uploads\/2020\/05\/Pohjanpirtti-Karkkila-2019-1024x499.jpg\" alt=\"\" class=\"wp-image-43\" srcset=\"http:\/\/www.pohjanpirtti.fi\/wp-content\/uploads\/2020\/05\/Pohjanpirtti-Karkkila-2019-1024x499.jpg 1024w, http:\/\/www.pohjanpirtti.fi\/wp-content\/uploads\/2020\/05\/Pohjanpirtti-Karkkila-2019-300x146.jpg 300w, http:\/\/www.pohjanpirtti.fi\/wp-content\/uploads\/2020\/05\/Pohjanpirtti-Karkkila-2019-768x374.jpg 768w, http:\/\/www.pohjanpirtti.fi\/wp-content\/uploads\/2020\/05\/Pohjanpirtti-Karkkila-2019-123x60.jpg 123w, http:\/\/www.pohjanpirtti.fi\/wp-content\/uploads\/2020\/05\/Pohjanpirtti-Karkkila-2019.jpg 1151w\" sizes=\"auto, (max-width: 1024px) 100vw, 1024px\" \/><figcaption class=\"wp-element-caption\">Pohjanpirtti Seurojentalo Karkkilan keskustassa<\/figcaption><\/figure>\n\n\n\n<p>Pohjanpirtin pieni sali soveltuu hyvin noin 10-40 henkil\u00f6n tilaisuuksiin.<br>Iloon ja suruun. Arkeen ja juhlaan.<\/p>\n\n\n\n<p>Pohjanpirtin juhlasali on entinen elokuvateatteri. Siell\u00e4 mahtuu j\u00e4rjest\u00e4m\u00e4\u00e4n isojakin tapahtumia. Jopa 200 henkil\u00f6lle j\u00e4rjestyy istumapaikat p\u00f6ydiss\u00e4. Tanssit, myyj\u00e4iset, kirpputorit, konsertit ja teatteri voi vet\u00e4\u00e4 paikalle sit\u00e4kin enemm\u00e4n v\u00e4ke\u00e4. <\/p>\n\n\n\n<p>Maksimi henkil\u00f6m\u00e4\u00e4r\u00e4 tiloissa yhteens\u00e4 450.<\/p>\n\n\n\n<p>Pohjanpirtti on merkitt\u00e4v\u00e4 osa Karkkilan historiaa. Lue lis\u00e4\u00e4 <a href=\"http:\/\/www.kolumbus.fi\/pohjanpirtti\/historiaraami.htm\">t\u00e4\u00e4lt\u00e4<\/a>. <\/p>\n\n\n\n<h2 class=\"wp-block-heading\">Kuvia Pohjanpirtilt\u00e4<\/h2>\n\n\n\n<p>Pohjanpirtin isoon saliin mahtuu runsaasti v\u00e4ke\u00e4. Tilassa on my\u00f6s AV-tekniikkaa, n\u00e4ytt\u00e4m\u00f6 ja flyygeli.<\/p>\n\n\n\n<figure class=\"wp-block-image size-large\"><img loading=\"lazy\" decoding=\"async\" width=\"1024\" height=\"768\" src=\"http:\/\/www.pohjanpirtti.fi\/wp-content\/uploads\/2024\/12\/Pohjanpirtti-iso-sali-etuosa-1024x768.jpg\" alt=\"\" class=\"wp-image-219\" srcset=\"http:\/\/www.pohjanpirtti.fi\/wp-content\/uploads\/2024\/12\/Pohjanpirtti-iso-sali-etuosa-1024x768.jpg 1024w, http:\/\/www.pohjanpirtti.fi\/wp-content\/uploads\/2024\/12\/Pohjanpirtti-iso-sali-etuosa-300x225.jpg 300w, http:\/\/www.pohjanpirtti.fi\/wp-content\/uploads\/2024\/12\/Pohjanpirtti-iso-sali-etuosa-768x576.jpg 768w, http:\/\/www.pohjanpirtti.fi\/wp-content\/uploads\/2024\/12\/Pohjanpirtti-iso-sali-etuosa-1536x1152.jpg 1536w, http:\/\/www.pohjanpirtti.fi\/wp-content\/uploads\/2024\/12\/Pohjanpirtti-iso-sali-etuosa.jpg 1920w\" sizes=\"auto, (max-width: 1024px) 100vw, 1024px\" \/><\/figure>\n\n\n\n<figure class=\"wp-block-image size-large\"><img loading=\"lazy\" decoding=\"async\" width=\"1024\" height=\"768\" src=\"http:\/\/www.pohjanpirtti.fi\/wp-content\/uploads\/2024\/12\/Pohjanpirtti-iso-sali-takaosa-1024x768.jpg\" alt=\"\" class=\"wp-image-218\" srcset=\"http:\/\/www.pohjanpirtti.fi\/wp-content\/uploads\/2024\/12\/Pohjanpirtti-iso-sali-takaosa-1024x768.jpg 1024w, http:\/\/www.pohjanpirtti.fi\/wp-content\/uploads\/2024\/12\/Pohjanpirtti-iso-sali-takaosa-300x225.jpg 300w, http:\/\/www.pohjanpirtti.fi\/wp-content\/uploads\/2024\/12\/Pohjanpirtti-iso-sali-takaosa-768x576.jpg 768w, http:\/\/www.pohjanpirtti.fi\/wp-content\/uploads\/2024\/12\/Pohjanpirtti-iso-sali-takaosa-1536x1152.jpg 1536w, http:\/\/www.pohjanpirtti.fi\/wp-content\/uploads\/2024\/12\/Pohjanpirtti-iso-sali-takaosa.jpg 1920w\" sizes=\"auto, (max-width: 1024px) 100vw, 1024px\" \/><\/figure>\n\n\n\n<p>Pohjanpirtin pienempi sali soveltuu hyvin alle 30 henkil\u00f6n tapahtumiin. Kalustusta voi muuttaa tarpeen mukaan. Suurissa juhlissa pieni ja iso sali yhdistet\u00e4\u00e4n ja esimerkiksi tarjoilup\u00f6yt\u00e4 voidaan asettaa pienen salin puolelle.<\/p>\n\n\n\n<figure class=\"wp-block-image size-large\"><img loading=\"lazy\" decoding=\"async\" width=\"768\" height=\"1024\" src=\"http:\/\/www.pohjanpirtti.fi\/wp-content\/uploads\/2024\/12\/Pohjanpirtti-pieni-sali-takaosa-768x1024.jpg\" alt=\"\" class=\"wp-image-220\" srcset=\"http:\/\/www.pohjanpirtti.fi\/wp-content\/uploads\/2024\/12\/Pohjanpirtti-pieni-sali-takaosa-768x1024.jpg 768w, http:\/\/www.pohjanpirtti.fi\/wp-content\/uploads\/2024\/12\/Pohjanpirtti-pieni-sali-takaosa-225x300.jpg 225w, http:\/\/www.pohjanpirtti.fi\/wp-content\/uploads\/2024\/12\/Pohjanpirtti-pieni-sali-takaosa-1152x1536.jpg 1152w, http:\/\/www.pohjanpirtti.fi\/wp-content\/uploads\/2024\/12\/Pohjanpirtti-pieni-sali-takaosa.jpg 1440w\" sizes=\"auto, (max-width: 768px) 100vw, 768px\" \/><\/figure>\n\n\n\n<p>Pohjanpirtin keitti\u00f6 on t\u00e4ysin kunnostettu vuonna 2024 ja siell\u00e4 on ajanmukaiset suurtalouskeitti\u00f6n h\u00f6yry-uuni sek\u00e4 astianpesukone ja moderni s\u00e4ili\u00f6kahvinkeitin vuokralaisten k\u00e4ytett\u00e4viss\u00e4. My\u00f6s j\u00e4\u00e4kaappitilaa on vuokralaisten k\u00e4ytett\u00e4viss\u00e4 runsaasti. Pienempi\u00e4 tarpeita varten l\u00f6ytyy my\u00f6s kotitalous-mallin liesi ja uuni. <\/p>\n\n\n\n<figure class=\"wp-block-image size-large\"><img loading=\"lazy\" decoding=\"async\" width=\"1024\" height=\"987\" src=\"http:\/\/www.pohjanpirtti.fi\/wp-content\/uploads\/2024\/12\/Pohjanpirtti-erinomaiset-keittiotilat-pitopalvelulle-1024x987.jpg\" alt=\"\" class=\"wp-image-217\" srcset=\"http:\/\/www.pohjanpirtti.fi\/wp-content\/uploads\/2024\/12\/Pohjanpirtti-erinomaiset-keittiotilat-pitopalvelulle-1024x987.jpg 1024w, http:\/\/www.pohjanpirtti.fi\/wp-content\/uploads\/2024\/12\/Pohjanpirtti-erinomaiset-keittiotilat-pitopalvelulle-300x289.jpg 300w, http:\/\/www.pohjanpirtti.fi\/wp-content\/uploads\/2024\/12\/Pohjanpirtti-erinomaiset-keittiotilat-pitopalvelulle-768x740.jpg 768w, http:\/\/www.pohjanpirtti.fi\/wp-content\/uploads\/2024\/12\/Pohjanpirtti-erinomaiset-keittiotilat-pitopalvelulle.jpg 1280w\" sizes=\"auto, (max-width: 1024px) 100vw, 1024px\" \/><\/figure>\n\n\n\n<hr class=\"wp-block-separator has-text-color has-light-green-cyan-color has-css-opacity has-light-green-cyan-background-color has-background\"\/>\n\n\n\n<div style=\"height:40px\" aria-hidden=\"true\" class=\"wp-block-spacer\"><\/div>\n\n\n\n<p class=\"has-medium-font-size\"><strong>Alkoholik\u00e4yt\u00e4nn\u00f6t<\/strong><\/p>\n\n\n\n<p>Suljetuissa yksityistilaisuuksissa j\u00e4rjest\u00e4j\u00e4 voi tarjota vierailleen boolia tai muita alkoholijuomia. Pohjanpirtill\u00e4 ei ole anniskeluoikeutta. <br><br>Pohjanpirtti on kuitenkin ennakkohyv\u00e4ksytty alkoholin anniskelutilaksi, joten anniskeluoikeuden omaava yritys voi j\u00e4rjest\u00e4\u00e4 siell\u00e4 avoimen tapahtuman miss\u00e4 on baari. Kysy lis\u00e4\u00e4!<\/p>\n\n\n\n<p class=\"has-medium-font-size\"><strong>Vuokrausehdot<\/strong><\/p>\n\n\n\n<p><a href=\"http:\/\/www.pohjanpirtti.fi\/wp-content\/uploads\/2020\/05\/Pohjanpirtti-vuokrausehdot-2020.pdf\" target=\"_blank\" rel=\"noreferrer noopener\">Tutustu vuokrausehtoihin huolellisesti.<\/a><\/p>\n\n\n\n<div style=\"height:100px\" aria-hidden=\"true\" class=\"wp-block-spacer\"><\/div>\n\n\n\n<p><\/p>\n","protected":false},"excerpt":{"rendered":"<p>Pohjanpirtti seurojentalo sijaitsee Karkkilan keskustassa, torin ja kirkon vierell\u00e4. Pohjanpirtti on kaikkien Karkkilan kaupunkilaisten ja l\u00e4hialueen asukkaiden oma juhla- ja tapahtumapaikka. Tervetuloa Pohjanpirtille viett\u00e4m\u00e4\u00e4n isoja tai pieni\u00e4 perhejuhlia tai j\u00e4rjest\u00e4m\u00e4\u00e4n tapahtumia. Pohjanpirtin pieni sali soveltuu hyvin noin 10-40 henkil\u00f6n tilaisuuksiin.Iloon ja suruun. Arkeen ja juhlaan. Pohjanpirtin juhlasali on entinen elokuvateatteri. Siell\u00e4 mahtuu j\u00e4rjest\u00e4m\u00e4\u00e4n isojakin tapahtumia. &hellip; <\/p>\n","protected":false},"author":1,"featured_media":0,"parent":0,"menu_order":1,"comment_status":"closed","ping_status":"closed","template":"","meta":{"footnotes":""},"class_list":["post-23","page","type-page","status-publish","hentry"],"_links":{"self":[{"href":"http:\/\/www.pohjanpirtti.fi\/index.php?rest_route=\/wp\/v2\/pages\/23","targetHints":{"allow":["GET"]}}],"collection":[{"href":"http:\/\/www.pohjanpirtti.fi\/index.php?rest_route=\/wp\/v2\/pages"}],"about":[{"href":"http:\/\/www.pohjanpirtti.fi\/index.php?rest_route=\/wp\/v2\/types\/page"}],"author":[{"embeddable":true,"href":"http:\/\/www.pohjanpirtti.fi\/index.php?rest_route=\/wp\/v2\/users\/1"}],"replies":[{"embeddable":true,"href":"http:\/\/www.pohjanpirtti.fi\/index.php?rest_route=%2Fwp%2Fv2%2Fcomments&post=23"}],"version-history":[{"count":20,"href":"http:\/\/www.pohjanpirtti.fi\/index.php?rest_route=\/wp\/v2\/pages\/23\/revisions"}],"predecessor-version":[{"id":223,"href":"http:\/\/www.pohjanpirtti.fi\/index.php?rest_route=\/wp\/v2\/pages\/23\/revisions\/223"}],"wp:attachment":[{"href":"http:\/\/www.pohjanpirtti.fi\/index.php?rest_route=%2Fwp%2Fv2%2Fmedia&parent=23"}],"curies":[{"name":"wp","href":"https:\/\/api.w.org\/{rel}","templated":true}]}}